94899?
3, 541, 613
What are the prime factors of 1321849?
19, 29, 2399
What are the prime factors of 497569?
181, 2749
What are the prime factors of 11112923?
11112923
What are the prime factors of 2585552?
2, 53, 3049
What are the prime factors of 4482896?
2, 11, 25471
What are the prime factors of 4831501?
139, 34759
List the prime factors of 328478.
2, 164239
List the prime factors of 186202.
2, 157, 593
What are the prime factors of 317198?
2, 7, 139, 163
List the prime factors of 149583.
3, 7, 17, 419
List the prime factors of 973381.
41, 23741
List the prime factors of 1414883.
193, 7331
What are the prime factors of 19265452?
2, 4816363
What are the prime factors of 813931?
813931
What are the prime factors of 1851626?
2, 7, 19, 6961
List the prime factors of 70972.
2, 11, 1613
List the prime factors of 26844102.
2, 3, 497113
List the prime factors of 10080063.
3, 7, 160001
What are the prime factors of 53424?
2, 3, 7, 53
What are the prime factors of 5938232?
2, 23, 59, 547
What are the prime factors of 1347224?
2, 29, 5807
List the prime factors of 1311046.
2, 11, 23, 2591
What are the prime factors of 1357188?
2, 3, 7, 107, 151
List the prime factors of 7197585.
3, 5, 479839
List the prime factors of 1577339.
29, 109, 499
List the prime factors of 813756.
2, 3, 17, 3989
What are the prime factors of 2388611?
173, 13807
List the prime factors of 560607.
3, 186869
List the prime factors of 986999.
13, 23, 3301
What are the prime factors of 10379981?
89, 223, 523
List the prime factors of 5340683.
173, 30871
What are the prime factors of 118887?
3, 23, 1723
What are the prime factors of 4158624?
2, 3, 43319
List the prime factors of 144967.
144967
What are the prime factors of 851076?
2, 3, 47, 503
List the prime factors of 505152.
2, 3, 877
What are the prime factors of 1229852?
2, 13, 67, 353
What are the prime factors of 2904232?
2, 73, 4973
What are the prime factors of 26547380?
2, 5, 1327369
List the prime factors of 398245.
5, 23, 3463
What are the prime factors of 2393222?
2, 13, 83, 1109
List the prime factors of 38071.
11, 3461
What are the prime factors of 19653601?
11, 1786691
What are the prime factors of 656394?
2, 3, 31, 3529
List the prime factors of 1786877.
233, 7669
What are the prime factors of 5011492?
2, 1252873
What are the prime factors of 3314935?
5, 13, 3923
List the prime factors of 558522.
2, 3, 10343
What are the prime factors of 210308?
2, 7, 29, 37
What are the prime factors of 1032368?
2, 113, 571
What are the prime factors of 252133?
7, 181, 199
List the prime factors of 71911.
7, 10273
What are the prime factors of 6537309?
3, 61, 139, 257
List the prime factors of 465851.
17, 67, 409
What are the prime factors of 342508?
2, 85627
List the prime factors of 57442.
2, 7, 11, 373
List the prime factors of 754959.
3, 251653
List the prime factors of 8916568.
2, 17, 65563
List the prime factors of 937718.
2, 468859
List the prime factors of 3384634.
2, 11, 23, 6689
What are the prime factors of 16979013?
3, 1886557
List the prime factors of 725317.
725317
List the prime factors of 3107678.
2, 7, 19, 1669
What are the prime factors of 216369?
3, 29, 829
List the prime factors of 681709.
7, 97387
List the prime factors of 329439.
3, 11, 67, 149
What are the prime factors of 4108548?
2, 3, 342379
What are the prime factors of 977991?
3, 7, 6653
What are the prime factors of 3015090?
2, 3, 5, 13, 859
List the prime factors of 383478.
2, 3, 63913
List the prime factors of 264798.
2, 3, 47, 313
List the prime factors of 23035638.
2, 3, 19, 202067
List the prime factors of 6103230.
2, 3, 5, 7, 29063
List the prime factors of 2833031.
2833031
What are the prime factors of 2991158?
2, 863, 1733
What are the prime factors of 63840?
2, 3, 5, 7, 19
What are the prime factors of 2690718?
2, 3, 223, 2011
What are the prime factors of 277261?
277261
List the prime factors of 433016.
2, 113, 479
List the prime factors of 307650.
2, 3, 5, 7, 293
What are the prime factors of 5089727?
727, 7001
List the prime factors of 1346684.
2, 336671
What are the prime factors of 1117947?
3, 41, 61, 149
What are the prime factors of 93115?
5, 11, 1693
What are the prime factors of 12593171?
53, 237607
List the prime factors of 5300178.
2, 3, 13, 5227
List the prime factors of 27846662.
2, 13923331
What are the prime factors of 1251703?
1251703
List the prime factors of 133218.
2, 3, 2467
What are the prime factors of 12399715?
5, 17, 145879
What are the prime factors of 1859540?
2, 5, 109, 853
List the prime factors of 235256.
2, 7, 4201
List the prime factors of 214702.
2, 107351
List the prime factors of 4768317.
3, 529813
List the prime factors of 7392534.
2, 3, 1232089
What are the prime factors of 60723?
3, 13, 173
What are the prime factors of 537648?
2, 3, 23, 487
What are the prime factors of 105309?
3, 11701
What are the prime factors of 577710?
2, 3, 5, 7, 131
What are the prime factors of 5129277?
3, 173, 9883
List the prime factors of 12181445.
5, 1153, 2113
What are the prime factors of 1253181?
3, 417727
What are the prime factors of 234211?
234211
What are the prime factors of 593021?
11, 13, 29
List the prime factors of 1343743.
1343743
List the prime factors of 799493.
17, 131, 359
List the prime factors of 26771692.
2, 6692923
List the prime factors of 7773532.
2, 13, 149491
List the prime factors of 1138104.
2, 3, 11, 479
List the prime factors of 1916505.
3, 5, 42589
What are the prime factors of 353221?
11, 163, 197
List the prime factors of 1001176.
2, 11, 31, 367
What are the prime factors of 3448110?
2, 3, 5, 17, 6761
List the prime factors of 2197812.
2, 3, 183151
What are the prime factors of 944776?
2, 7, 16871
What are the prime factors of 3313248?
2, 3, 34513
List the prime factors of 2101844.
2, 525461
What are the prime factors of 4676798?
2, 7, 334057
List the prime factors of 247985.
5, 49597
What are the prime factors of 2187105?
3, 5, 145807
List the prime factors of 242885.
5, 31, 1567
List the prime factors of 17343.
3, 41, 47
List the prime factors of 231569.
13, 47, 379
List the prime factors of 236182.
2, 269, 439
List the prime factors of 18398.
2, 9199
What are the prime factors of 1236308?
2, 17, 18181
What are the prime factors of 9518910?
2, 3, 5, 43, 47, 157
What are the prime factors of 581457?
3, 19, 101
List the prime factors of 129162.
2, 3, 11, 19, 103
List the prime factors of 566364.
2, 3, 109, 433
What are the prime factors of 253515?
3, 5, 16901
List the prime factors of 18587.
18587
What are the prime factors of 15165876?
2, 3, 11, 19, 6047
What are the prime factors of 5398044?
2, 3, 17, 47, 563
List the prime factors of 2313288.
2, 3, 19, 89
List the prime factors of 242161.
242161
List the prime factors of 94242.
2, 3, 113, 139
What are the prime factors of 128214?
2, 3, 17, 419
List the prime factors of 1267475.
5, 11, 419
List the prime factors of 5775165.
3, 5, 11, 3889
List the prime factors of 769786.
2, 43, 8951
What are the prime factors of 692538?
2, 3, 7, 11, 1499
List the prime factors of 2465938.
2, 463, 2663
List the prime factors of 152752.
2, 9547
List the prime factors of 132809.
59, 2251
What are the prime factors of 19522?
2, 43, 227
List the prime factors of 3050523.
3, 7, 41, 1181
What are the prime factors of 41507?
41507
List the prime factors of 150057.
3, 16673
What are the prime factors of 293109?
3, 41, 2383
List the prime factors of 301371.
3, 7, 113, 127
What are the prime factors of 3401966?
2, 1700983
List the prime factors of 294197.
67, 4391
What are the prime factors of 201331?
13, 17, 911
What are the prime factors of 3142710?
2, 3, 5, 34919
What are the prime factors of 383005?
5, 7, 31, 353
What are the prime factors of 3782249?
3782249
What are the prime factors of 21489359?
21489359
List the prime factors of 8754484.
2, 41, 53381
What are the prime factors of 516465?
3, 5, 23, 499
List the prime factors of 135920.
2, 5, 1699
What are the prime factors of 5373212?
2, 13, 191, 541
What are the prime factors of 24749449?
23, 1076063
List the prime factors of 1000308.
2, 3, 31, 2689
List the prime factors of 1650486.
2, 3, 139, 1979
What are the prime factors of 5390845?
5, 1078169
List the prime factors of 1718865.
3, 5, 38197
What are the p